e?
False
Is 6143 composite?
False
Is 1466727 a prime number?
False
Is 6333 a prime number?
False
Is 745165 prime?
False
Is 80867 prime?
False
Is 2219449 composite?
False
Is 3194 prime?
False
Is 33241 prime?
False
Is 1488311 prime?
False
Is 1757 a composite number?
True
Is 11797 prime?
False
Is 8743 prime?
False
Is 15103 composite?
True
Is 51581 a composite number?
False
Is 1125649 prime?
False
Is 10427 a composite number?
False
Is 91229 a composite number?
False
Is 1345 a prime number?
False
Is 79161 a composite number?
True
Is 35753 prime?
True
Is 131237 prime?
False
Is 5315 composite?
True
Is 3449 composite?
False
Is 2503 prime?
True
Is 110863 a composite number?
False
Is 878087 a composite number?
True
Is 361711 composite?
True
Is 97151 prime?
True
Is 1238291 prime?
True
Is 53113 prime?
True
Is 960239 a prime number?
False
Is 1098161 prime?
False
Is 48649 a prime number?
True
Is 5501 prime?
True
Is 2761 composite?
True
Is 4729 prime?
True
Is 10279 prime?
False
Is 1409 a composite number?
False
Is 3862 a composite number?
True
Is 1227 a composite number?
True
Is 13811 prime?
False
Is 384421 a prime number?
False
Is 409 prime?
True
Is 4567 a composite number?
False
Is 28513 composite?
False
Is 46297 prime?
False
Is 1331717 a prime number?
False
Is 317 a composite number?
False
Is 14281 a composite number?
False
Is 132019 composite?
False
Is 1945 prime?
False
Is 6947 prime?
True
Is 173659 a prime number?
True
Is 3197 a composite number?
True
Is 20807 a composite number?
False
Is 2670019 prime?
False
Is 200939 a prime number?
False
Is 28983 a prime number?
False
Is 1061 a prime number?
True
Is 136501 prime?
True
Is 87229 a composite number?
True
Is 86813 a composite number?
False
Is 29769 prime?
False
Is 117103 composite?
True
Is 498257 a prime number?
True
Is 27427 a composite number?
False
Is 467939 composite?
True
Is 3691 prime?
True
Is 159853 prime?
True
Is 626887 a prime number?
True
Is 6491 composite?
False
Is 62635 composite?
True
Is 161567 a composite number?
True
Is 85501 composite?
True
Is 19373 prime?
True
Is 681809 a prime number?
True
Is 9239 prime?
True
Is 50671 composite?
False
Is 387839 a prime number?
True
Is 969907 prime?
True
Is 16301 a composite number?
False
Is 421289 a prime number?
False
Is 32467 a prime number?
True
Is 1671413 a composite number?
True
Is 509 a composite number?
False
Is 8327 a composite number?
True
Is 7067 a prime number?
False
Is 101221 a prime number?
True
Is 49703 a composite number?
True
Is 861793 a composite number?
True
Is 91733 composite?
False
Is 35065 prime?
False
Is 1399 prime?
True
Is 187589 composite?
True
Is 407321 composite?
False
Is 2357 prime?
True
Is 36251 a prime number?
True
Is 98887 a composite number?
False
Is 363067 prime?
True
Is 13021 composite?
True
Is 7789 prime?
True
Is 29329 a prime number?
False
Is 256831 a prime number?
True
Is 19813 a composite number?
False
Is 3691 composite?
False
Is 139705 composite?
True
Is 429451 prime?
False
Is 52282 a prime number?
False
Is 331717 a composite number?
True
Is 277961 composite?
False
Is 247141 a prime number?
True
Is 1693921 a composite number?
False
Is 8013 a composite number?
True
Is 31567 prime?
True
Is 7367 a composite number?
True
Is 85999 prime?
True
Is 547115 prime?
False
Is 2129 prime?
True
Is 45785 composite?
True
Is 721783 a prime number?
True
Is 108301 a composite number?
False
Is 161467 composite?
True
Is 294461 composite?
False
Is 34739 composite?
False
Is 4817 prime?
True
Is 67447 a composite number?
False
Is 545539 a composite number?
True
Is 2735 composite?
True
Is 507133 a prime number?
False
Is 5666 a prime number?
False
Is 37087 prime?
True
Is 1510797 a prime number?
False
Is 17341 composite?
False
Is 30389 a composite number?
False
Is 36229 prime?
True
Is 128021 a prime number?
True
Is 272887 composite?
False
Is 82679 composite?
True
Is 2904529 composite?
False
Is 49193 a composite number?
False
Is 362971 a prime number?
False
Is 54965 composite?
True
Is 2307 composite?
True
Is 122017 a composite number?
True
Is 216803 prime?
True
Is 70039 composite?
False
Is 142403 a prime number?
True
Is 21247 a composite number?
False
Is 19273 a composite number?
False
Is 127951 a prime number?
True
Is 112639 a composite number?
True
Is 7165 prime?
False
Is 7907 a prime number?
True
Is 53773 a prime number?
True
Is 5251 composite?
True
Is 40123 a composite number?
False
Is 259579 a composite number?
True
Is 991 a composite number?
False
Is 336229 a composite number?
True
Is 26759 prime?
True
Is 207573 composite?
True
Is 6359 a composite number?
False
Is 3097 composite?
True
Is 122849 a composite number?
False
Is 20351 composite?
True
Is 1797 composite?
True
Is 30059 prime?
True
Is 766 a composite number?
True
Is 817273 composite?
False
Is 16051 a prime number?
False
Is 30461 a prime number?
False
Is 280591 prime?
True
Is 1921 prime?
False
Is 206909 prime?
True
Is 316643 a prime number?
False
Is 3103 a composite number?
True
Is 77001 prime?
False
Is 128009 a composite number?
True
Is 346961 a prime number?
True
Is 887 a prime number?
True
Is 295693 composite?
False
Is 29947 a composite number?
False
Is 277621 a prime number?
False
Is 5623 a composite number?
False
Is 74131 a composite number?
False
Is 87231 composite?
True
Is 523133 prime?
False
Is 817877 a prime number?
True
Is 31469 a composite number?
False
Is 150869 prime?
True
Is 11657 a prime number?
True
Is 6359 composite?
False
Is 177107 prime?
False
Is 6514427 a composite number?
False
Is 409759 composite?
True
Is 79949 composite?
True
Is 1553 composite?
False
Is 253933 composite?
True
Is 126843 prime?
False
Is 64099 a prime number?
False
Is 298567 a prime number?
False
Is 737687 a composite number?
False
Is 36949 a composite number?
True
Is 1329527 a prime number?
False
Is 424198 prime?
False
Is 17291 a prime number?
True
Is 863149 prime?
False
Is 673 a prime number?
True
Is 987869 a prime number?
True
Is 10079 prime?
True
Is 17231 prime?
True
Is 681647 prime?
True
Is 18341 prime?
True
Is 566705 composite?
True
Is 1003 a prime number?
False
Is 662299 a prime number?
False
Is 1735 a prime number?
False
Is 211289 a prime number?
False
Is 9097 composite?
True
Is 10691 a prime number?
True
Is 848035 a prime number?
False
Is 2767 a prime number?
True
Is 209249 composite?
False
Is 21247 a prime number?
True
Is 1020517 a composite number?
False
Is 150173 a prime number?
False
Is 114127 a composite number?
True
Is 33862 composite?
True
Is 87923 a prime number?
False
Is 29629 a composite number?
False
Is 67307 prime?
True
Is 10805 a composite number?
True
Is 39497 a composite number?
True
Is 15527 prime?
True
Is 154691 prime?
True
Is 74215 prime?
False
Is 48385 a composite number?
True
Is 8657 a composite number?
True
Is 431195 a composite number?
True
Is 45751 a composite number?
False
Is 18113 composite?
True
Is 4583 prime?
True
Is 24169 a composite number?
False
Is 67033 a composite number?
False
Is 184901 a composite number?
False
Is 40609 composite?
False
Is 413353 a composite number?
False
Is 772207 a composite number?
False
Is 1133131 prime?
True
Is 2072927 composite?
False
Is 18053 prime?
False
Is 139697 a composite number?
False
Is 9197 a prime number?
False
Is 510857 prime?
False
Is 224467 composite?
False
Is 39587 a composite number?
True
Is 212969 composite?
False
Is 20849 a prime number?
True
Is 20659 composite?
True
Is 7069 composite?
False
Is 163601 composite?
False
Is 57413 a prime number?
True
Is 642083 composite?
True
Is 32707 a prime number?
True
Is 21233 composite?
True
Is 100447 prime?
True
Is 682631 a prime number?
False
Is 633 prime?
False
Is 3263 composite?
True
Is 8661 a prime number?
False
Is 3317 prime?
False
Is 347603 prime?
False
Is 22151 composite?
True
Is 79817 a composite number?
False
Is 24391 prime?
True
Is 1250519 prime?
True
Is 11003 prime?
True
Is 228755 a prime number?
False
Is 1217761 a composite number?
True
Is 360799 composite?
True
Is 55763 a prime number?
True
Is 7751 a prime number?
False
Is 716369 prime?
False
Is 969977 a prime number?
True
Is 1122797 a prime number?
False
Is 2429 a composite number?
True
Is 790121 a composite number?
False
Is 14143 a composite number?
False
Is 62547 a prime number?
False
Is 705263 composite?
Tru